 the prime factors of 3205544466?
2, 3, 263, 2031397
What are the prime factors of 1083935500?
2, 5, 269, 8059
List the prime factors of 186237845.
5, 37247569
List the prime factors of 55641631.
55641631
What are the prime factors of 615059791?
113, 691, 7877
List the prime factors of 2248818192.
2, 3, 23, 61, 11131
What are the prime factors of 298281557?
7, 727, 58613
What are the prime factors of 46945322?
2, 683, 34367
List the prime factors of 4952891399.
4952891399
What are the prime factors of 54100165?
5, 7, 439, 503
What are the prime factors of 16038430?
2, 5, 1603843
List the prime factors of 208930318.
2, 443, 235813
List the prime factors of 387824869.
43, 251, 35933
What are the prime factors of 45755625?
3, 5, 23, 1061
List the prime factors of 453787299.
3, 7, 43, 55837
What are the prime factors of 2091148438?
2, 193, 233, 23251
List the prime factors of 420362.
2, 101, 2081
List the prime factors of 123588310.
2, 5, 12358831
What are the prime factors of 5973554326?
2, 4111, 726533
What are the prime factors of 962995616?
2, 11, 103, 26561
What are the prime factors of 93763827?
3, 10418203
List the prime factors of 540880907.
7, 59, 1309639
What are the prime factors of 415628523?
3, 15393649
What are the prime factors of 522060619?
522060619
List the prime factors of 5204439.
3, 192757
List the prime factors of 1418355418.
2, 709177709
What are the prime factors of 249308081?
11, 22664371
What are the prime factors of 97555246?
2, 29, 863, 1949
List the prime factors of 2788776956.
2, 7, 23, 401, 10799
What are the prime factors of 95162245?
5, 19032449
What are the prime factors of 227037111?
3, 7, 149, 72559
What are the prime factors of 2121559244?
2, 7, 1979, 38287
What are the prime factors of 10439225?
5, 211, 1979
What are the prime factors of 1185326184?
2, 3, 7, 7055513
List the prime factors of 848021308.
2, 109, 1945003
What are the prime factors of 158364151?
11, 31, 71, 211
List the prime factors of 95975384.
2, 19, 29, 21773
List the prime factors of 858244107.
3, 7, 4297, 9511
What are the prime factors of 2831849138?
2, 1415924569
What are the prime factors of 69089706?
2, 3, 7, 26111
What are the prime factors of 848394301?
97, 1951, 4483
What are the prime factors of 11580381?
3, 439, 977
List the prime factors of 649838.
2, 7, 19, 349
List the prime factors of 74318089.
37, 709, 2833
What are the prime factors of 5027274140?
2, 5, 7, 35909101
What are the prime factors of 3308646919?
151, 167, 179, 733
What are the prime factors of 9179031?
3, 17, 179981
What are the prime factors of 474963158?
2, 237481579
What are the prime factors of 2037726063?
3, 17, 13318471
List the prime factors of 332368265.
5, 66473653
List the prime factors of 755340144.
2, 3, 13, 173, 6997
List the prime factors of 77809599.
3, 7, 103, 571
List the prime factors of 58214551.
587, 99173
List the prime factors of 145867485.
3, 5, 503, 19333
List the prime factors of 93448572.
2, 3, 7, 1112483
What are the prime factors of 1222294209?
3, 59, 167, 41351
What are the prime factors of 46514101?
929, 50069
What are the prime factors of 15007964?
2, 29, 129379
What are the prime factors of 141035350?
2, 5, 2820707
List the prime factors of 2626880345.
5, 525376069
What are the prime factors of 138710337?
3, 31, 1491509
List the prime factors of 238009260.
2, 3, 5, 1531, 2591
List the prime factors of 125825049.
3, 7, 19, 37, 947
What are the prime factors of 6659432986?
2, 3329716493
List the prime factors of 53440439.
13, 4110803
List the prime factors of 6127741419.
3, 47, 151, 449, 641
List the prime factors of 47087606.
2, 37, 636319
What are the prime factors of 28494125?
5, 11, 17, 23, 53
What are the prime factors of 75220130?
2, 5, 89, 223, 379
List the prime factors of 45037201.
11, 19, 229, 941
What are the prime factors of 1796967140?
2, 5, 89848357
List the prime factors of 435267230.
2, 5, 43526723
What are the prime factors of 48346031?
48346031
What are the prime factors of 224750118?
2, 3, 37458353
What are the prime factors of 81312463?
349, 232987
What are the prime factors of 508236123?
3, 41, 4132001
List the prime factors of 1632742527.
3, 13, 503, 83231
List the prime factors of 1115429073.
3, 11, 31, 43, 25357
List the prime factors of 267714645.
3, 5, 11, 1103, 1471
What are the prime factors of 173764111?
8377, 20743
List the prime factors of 94010023.
1093, 86011
List the prime factors of 92227723.
7, 23, 572843
What are the prime factors of 394276837?
29, 2521, 5393
List the prime factors of 65692196.
2, 19, 907, 953
List the prime factors of 99254676.
2, 3, 1019, 8117
List the prime factors of 116256443.
41, 2835523
What are the prime factors of 3393282?
2, 3, 23, 67, 367
What are the prime factors of 91707597?
3, 587, 17359
What are the prime factors of 280747265?
5, 17, 251, 13159
List the prime factors of 529546558.
2, 631, 419609
What are the prime factors of 7439665?
5, 1487933
What are the prime factors of 418641765?
3, 5, 43, 311, 2087
List the prime factors of 1950398067.
3, 3571, 182059
List the prime factors of 37180644.
2, 3, 19, 313, 521
List the prime factors of 513511307.
97, 5293931
What are the prime factors of 86394526?
2, 59, 732157
List the prime factors of 263775163.
61, 571, 7573
What are the prime factors of 74860027?
11, 17, 400321
List the prime factors of 1299578037.
3, 1609, 269231
List the prime factors of 375235082.
2, 181, 1036561
List the prime factors of 611850692.
2, 19, 23, 350029
What are the prime factors of 762970490?
2, 5, 23, 3317263
List the prime factors of 174092.
2, 71, 613
List the prime factors of 104040133.
4973, 20921
What are the prime factors of 379853028?
2, 3, 41, 257353
What are the prime factors of 28729468?
2, 7182367
List the prime factors of 1536617245.
5, 9743, 31543
List the prime factors of 1177677572.
2, 294419393
List the prime factors of 32789483.
73, 449171
What are the prime factors of 106846337?
13, 163, 50423
List the prime factors of 15229916.
2, 13, 109, 2687
What are the prime factors of 134391041?
599, 224359
List the prime factors of 17679115.
5, 281, 12583
What are the prime factors of 95306230?
2, 5, 367, 25969
List the prime factors of 156926916.
2, 3, 37, 173, 227
List the prime factors of 150763435.
5, 263, 114649
List the prime factors of 580155737.
7, 11839913
What are the prime factors of 449854517?
7, 3307, 19433
What are the prime factors of 80151498?
2, 3, 7, 17, 12473
List the prime factors of 34028920.
2, 5, 101, 8423
List the prime factors of 152990702.
2, 76495351
What are the prime factors of 48364592?
2, 17, 177811
What are the prime factors of 1090402017?
3, 363467339
What are the prime factors of 811755320?
2, 5, 2689, 7547
What are the prime factors of 338734678?
2, 169367339
List the prime factors of 42269472.
2, 3, 7, 29, 241
List the prime factors of 57845194.
2, 11, 31, 89, 953
List the prime factors of 4128793531.
4128793531
List the prime factors of 136073420.
2, 5, 7, 37, 109, 241
What are the prime factors of 106898663?
1453, 73571
What are the prime factors of 1489566515?
5, 297913303
What are the prime factors of 59561131?
7, 8508733
List the prime factors of 239259718.
2, 119629859
List the prime factors of 219542342.
2, 109771171
What are the prime factors of 123059763?
3, 877, 5197
What are the prime factors of 365066350?
2, 5, 11, 23, 28859
What are the prime factors of 112606615?
5, 11, 2047393
List the prime factors of 42594454.
2, 7, 3042461
What are the prime factors of 47307618?
2, 3, 876067
List the prime factors of 38374016.
2, 409, 733
List the prime factors of 232430740.
2, 5, 61, 317, 601
What are the prime factors of 204773422?
2, 7, 14626673
List the prime factors of 118785215.
5, 47, 505469
List the prime factors of 276166258.
2, 17, 8122537
What are the prime factors of 2888644474?
2, 23, 62796619
List the prime factors of 832537689.
3, 10061, 27583
What are the prime factors of 97976091?
3, 32658697
What are the prime factors of 7059591?
3, 7, 11, 61, 167
List the prime factors of 52015043.
52015043
List the prime factors of 2100250.
2, 5, 31, 271
List the prime factors of 14467195.
5, 2893439
What are the prime factors of 754294671?
3, 13, 41, 157243
List the prime factors of 4674370